{"id":34,"date":"2026-04-13T14:39:14","date_gmt":"2026-04-13T18:39:14","guid":{"rendered":"https:\/\/exprimerlinvisible.ca\/?page_id=34"},"modified":"2026-07-08T10:37:41","modified_gmt":"2026-07-08T14:37:41","slug":"contact","status":"publish","type":"page","link":"https:\/\/exprimerlinvisible.ca\/en\/contact\/","title":{"rendered":"Contact"},"content":{"rendered":"<div data-elementor-type=\"wp-page\" data-elementor-id=\"34\" class=\"elementor elementor-34\">\n\t\t\t\t<div class=\"elementor-element elementor-element-5fcf958b e-flex e-con-boxed wpr-particle-no wpr-jarallax-no wpr-parallax-no wpr-sticky-section-no wpr-equal-height-no e-con e-parent\" data-id=\"5fcf958b\" data-element_type=\"container\" data-e-type=\"container\" data-settings=\"{&quot;background_background&quot;:&quot;classic&quot;}\">\n\t\t\t\t\t<div class=\"e-con-inner\">\n\t\t<div class=\"elementor-element elementor-element-3452893d e-con-full e-flex wpr-particle-no wpr-jarallax-no wpr-parallax-no wpr-sticky-section-no wpr-equal-height-no e-con e-child\" data-id=\"3452893d\" data-element_type=\"container\" data-e-type=\"container\" data-settings=\"{&quot;background_background&quot;:&quot;classic&quot;}\">\n\t\t<div class=\"elementor-element elementor-element-24138fa7 e-con-full e-flex wpr-particle-no wpr-jarallax-no wpr-parallax-no wpr-sticky-section-no wpr-equal-height-no e-con e-child\" data-id=\"24138fa7\" data-element_type=\"container\" data-e-type=\"container\">\n\t\t\t\t<div class=\"elementor-element elementor-element-1af043ec elementor-widget elementor-widget-image\" data-id=\"1af043ec\" data-element_type=\"widget\" data-e-type=\"widget\" data-widget_type=\"image.default\">\n\t\t\t\t\t\t\t\t\t\t\t\t\t\t\t<img fetchpriority=\"high\" decoding=\"async\" width=\"1950\" height=\"160\" src=\"https:\/\/exprimerlinvisible.ca\/wp-content\/uploads\/2026\/04\/banniere_2-e1776711437984.png\" class=\"attachment-full size-full wp-image-162\" alt=\"\" srcset=\"https:\/\/exprimerlinvisible.ca\/wp-content\/uploads\/2026\/04\/banniere_2-e1776711437984.png 1950w, https:\/\/exprimerlinvisible.ca\/wp-content\/uploads\/2026\/04\/banniere_2-e1776711437984-300x25.png 300w, https:\/\/exprimerlinvisible.ca\/wp-content\/uploads\/2026\/04\/banniere_2-e1776711437984-1024x84.png 1024w, https:\/\/exprimerlinvisible.ca\/wp-content\/uploads\/2026\/04\/banniere_2-e1776711437984-768x63.png 768w, https:\/\/exprimerlinvisible.ca\/wp-content\/uploads\/2026\/04\/banniere_2-e1776711437984-1536x126.png 1536w\" sizes=\"(max-width: 1950px) 100vw, 1950px\" \/>\t\t\t\t\t\t\t\t\t\t\t\t\t\t\t<\/div>\n\t\t\t\t<div class=\"elementor-element elementor-element-56e4c347 elementor-widget elementor-widget-heading\" data-id=\"56e4c347\" data-element_type=\"widget\" data-e-type=\"widget\" data-widget_type=\"heading.default\">\n\t\t\t\t\t<h2 class=\"elementor-heading-title elementor-size-default\">contact<\/h2>\t\t\t\t<\/div>\n\t\t\t\t<\/div>\n\t\t\t\t<\/div>\n\t\t\t\t\t<\/div>\n\t\t\t\t<\/div>\n\t\t<div class=\"elementor-element elementor-element-5f7f35bd e-flex e-con-boxed wpr-particle-no wpr-jarallax-no wpr-parallax-no wpr-sticky-section-no wpr-equal-height-no e-con e-parent\" data-id=\"5f7f35bd\" data-element_type=\"container\" data-e-type=\"container\" data-settings=\"{&quot;background_background&quot;:&quot;classic&quot;}\">\n\t\t\t\t\t<div class=\"e-con-inner\">\n\t\t\t\t<div class=\"elementor-element elementor-element-05c9106 elementor-widget elementor-widget-text-editor\" data-id=\"05c9106\" data-element_type=\"widget\" data-e-type=\"widget\" data-widget_type=\"text-editor.default\">\n\t\t\t\t\t\t\t\t\t<p class=\"pWQWPQ zd2YxA translation-block\">If you would like to learn more about the <em>Expressing the Invisible<\/em> event, propose a collaboration, become a partner, or get information about our initiatives, our team is here to listen. Whether you are a person with lived or living experience, a community organization, an artist, a researcher, or a citizen interested in getting involved, please don\u2019t hesitate to reach out. Together, let\u2019s help amplify the voices, journeys, and creations that make the invisible visible.<\/p>\t\t\t\t\t\t\t\t<\/div>\n\t\t<div class=\"elementor-element elementor-element-367105a0 e-con-full e-flex wpr-particle-no wpr-jarallax-no wpr-parallax-no wpr-sticky-section-no wpr-equal-height-no e-con e-child\" data-id=\"367105a0\" data-element_type=\"container\" data-e-type=\"container\">\n\t\t<div class=\"elementor-element elementor-element-79d16d69 e-con-full e-flex wpr-particle-no wpr-jarallax-no wpr-parallax-no wpr-sticky-section-no wpr-equal-height-no e-con e-child\" data-id=\"79d16d69\" data-element_type=\"container\" data-e-type=\"container\" data-settings=\"{&quot;background_background&quot;:&quot;classic&quot;}\">\n\t\t\t\t<div class=\"elementor-element elementor-element-3c13562 elementor-widget elementor-widget-heading\" data-id=\"3c13562\" data-element_type=\"widget\" data-e-type=\"widget\" data-widget_type=\"heading.default\">\n\t\t\t\t\t<h2 class=\"elementor-heading-title elementor-size-default\">Email<\/h2>\t\t\t\t<\/div>\n\t\t\t\t<div class=\"elementor-element elementor-element-c9d194d elementor-widget elementor-widget-text-editor\" data-id=\"c9d194d\" data-element_type=\"widget\" data-e-type=\"widget\" data-widget_type=\"text-editor.default\">\n\t\t\t\t\t\t\t\t\t<p>isabelle.boisvert.chum@ssss.gouv.qc.ca<\/p>\t\t\t\t\t\t\t\t<\/div>\n\t\t\t\t<\/div>\n\t\t\t\t<\/div>\n\t\t\t\t\t<\/div>\n\t\t\t\t<\/div>\n\t\t<div class=\"elementor-element elementor-element-6e0918a e-con-full e-flex wpr-particle-no wpr-jarallax-no wpr-parallax-no wpr-sticky-section-no wpr-equal-height-no e-con e-parent\" data-id=\"6e0918a\" data-element_type=\"container\" data-e-type=\"container\" data-settings=\"{&quot;background_background&quot;:&quot;classic&quot;}\">\n\t\t\t\t<div class=\"elementor-element elementor-element-758d0326 elementor-widget elementor-widget-image\" data-id=\"758d0326\" data-element_type=\"widget\" data-e-type=\"widget\" data-widget_type=\"image.default\">\n\t\t\t\t\t\t\t\t\t\t\t\t\t\t\t<img decoding=\"async\" width=\"1200\" height=\"600\" src=\"https:\/\/exprimerlinvisible.ca\/wp-content\/uploads\/2026\/07\/EI_image_1.png\" class=\"attachment-full size-full wp-image-1197\" alt=\"Exprimer l&apos;Invisible\" srcset=\"https:\/\/exprimerlinvisible.ca\/wp-content\/uploads\/2026\/07\/EI_image_1.png 1200w, https:\/\/exprimerlinvisible.ca\/wp-content\/uploads\/2026\/07\/EI_image_1-300x150.png 300w, https:\/\/exprimerlinvisible.ca\/wp-content\/uploads\/2026\/07\/EI_image_1-1024x512.png 1024w, https:\/\/exprimerlinvisible.ca\/wp-content\/uploads\/2026\/07\/EI_image_1-768x384.png 768w\" sizes=\"(max-width: 1200px) 100vw, 1200px\" \/>\t\t\t\t\t\t\t\t\t\t\t\t\t\t\t<\/div>\n\t\t\t\t<\/div>\n\t\t<div class=\"elementor-element elementor-element-523eb7de e-con-full e-flex wpr-particle-no wpr-jarallax-no wpr-parallax-no wpr-sticky-section-no wpr-equal-height-no e-con e-parent\" data-id=\"523eb7de\" data-element_type=\"container\" data-e-type=\"container\" data-settings=\"{&quot;background_background&quot;:&quot;classic&quot;}\">\n\t\t\t\t<div class=\"elementor-element elementor-element-d99dd79 elementor-widget elementor-widget-image\" data-id=\"d99dd79\" data-element_type=\"widget\" data-e-type=\"widget\" data-widget_type=\"image.default\">\n\t\t\t\t\t\t\t\t\t\t\t\t\t\t\t<img decoding=\"async\" width=\"2000\" height=\"433\" src=\"https:\/\/exprimerlinvisible.ca\/wp-content\/uploads\/2026\/04\/image3-e1776190374325.png\" class=\"attachment-full size-full wp-image-126\" alt=\"\" srcset=\"https:\/\/exprimerlinvisible.ca\/wp-content\/uploads\/2026\/04\/image3-e1776190374325.png 2000w, https:\/\/exprimerlinvisible.ca\/wp-content\/uploads\/2026\/04\/image3-e1776190374325-300x65.png 300w, https:\/\/exprimerlinvisible.ca\/wp-content\/uploads\/2026\/04\/image3-e1776190374325-1024x222.png 1024w, https:\/\/exprimerlinvisible.ca\/wp-content\/uploads\/2026\/04\/image3-e1776190374325-768x166.png 768w, https:\/\/exprimerlinvisible.ca\/wp-content\/uploads\/2026\/04\/image3-e1776190374325-1536x333.png 1536w\" sizes=\"(max-width: 2000px) 100vw, 2000px\" \/>\t\t\t\t\t\t\t\t\t\t\t\t\t\t\t<\/div>\n\t\t\t\t<\/div>\n\t\t<div class=\"elementor-element elementor-element-640c5f6 e-flex e-con-boxed wpr-particle-no wpr-jarallax-no wpr-parallax-no wpr-sticky-section-no wpr-equal-height-no e-con e-parent\" data-id=\"640c5f6\" data-element_type=\"container\" data-e-type=\"container\" data-settings=\"{&quot;background_background&quot;:&quot;classic&quot;}\">\n\t\t\t\t\t<div class=\"e-con-inner\">\n\t\t\t\t<div class=\"elementor-element elementor-element-096095f elementor-widget elementor-widget-image\" data-id=\"096095f\" data-element_type=\"widget\" data-e-type=\"widget\" data-widget_type=\"image.default\">\n\t\t\t\t\t\t\t\t\t\t\t\t\t\t\t<img loading=\"lazy\" decoding=\"async\" width=\"800\" height=\"800\" src=\"https:\/\/exprimerlinvisible.ca\/wp-content\/uploads\/2026\/04\/logo_white-1024x1024.png\" class=\"attachment-large size-large wp-image-153\" alt=\"Exprimer l&apos;Invisible : L&apos;art de prendre la parole\" srcset=\"https:\/\/exprimerlinvisible.ca\/wp-content\/uploads\/2026\/04\/logo_white-1024x1024.png 1024w, https:\/\/exprimerlinvisible.ca\/wp-content\/uploads\/2026\/04\/logo_white-300x300.png 300w, https:\/\/exprimerlinvisible.ca\/wp-content\/uploads\/2026\/04\/logo_white-150x150.png 150w, https:\/\/exprimerlinvisible.ca\/wp-content\/uploads\/2026\/04\/logo_white-768x768.png 768w, https:\/\/exprimerlinvisible.ca\/wp-content\/uploads\/2026\/04\/logo_white-1536x1536.png 1536w, https:\/\/exprimerlinvisible.ca\/wp-content\/uploads\/2026\/04\/logo_white.png 2000w\" sizes=\"(max-width: 800px) 100vw, 800px\" \/>\t\t\t\t\t\t\t\t\t\t\t\t\t\t\t<\/div>\n\t\t\t\t\t<\/div>\n\t\t\t\t<\/div>\n\t\t\t\t<\/div>","protected":false},"excerpt":{"rendered":"<p>contact Vous souhaitez en savoir davantage sur l&rsquo;\u00e9v\u00e9nement Exprimer l&rsquo;Invisible, proposer une collaboration, devenir partenaire ou obtenir des informations sur nos initiatives? Notre \u00e9quipe est \u00e0 votre \u00e9coute. Que vous soyez une personne avec savoirs exp\u00e9rientiels, un organisme communautaire, un artiste, un chercheur ou un citoyen int\u00e9ress\u00e9, n&rsquo;h\u00e9sitez pas \u00e0 nous \u00e9crire. Ensemble, contribuons \u00e0 faire rayonner les voix, les parcours et les cr\u00e9ations qui rendent visible l&rsquo;invisible. Courriel isabelle.boisvert.chum@ssss.gouv.qc.ca<\/p>","protected":false},"author":1,"featured_media":0,"parent":0,"menu_order":0,"comment_status":"closed","ping_status":"closed","template":"","meta":{"footnotes":""},"class_list":["post-34","page","type-page","status-publish","hentry"],"_links":{"self":[{"href":"https:\/\/exprimerlinvisible.ca\/en\/wp-json\/wp\/v2\/pages\/34","targetHints":{"allow":["GET"]}}],"collection":[{"href":"https:\/\/exprimerlinvisible.ca\/en\/wp-json\/wp\/v2\/pages"}],"about":[{"href":"https:\/\/exprimerlinvisible.ca\/en\/wp-json\/wp\/v2\/types\/page"}],"author":[{"embeddable":true,"href":"https:\/\/exprimerlinvisible.ca\/en\/wp-json\/wp\/v2\/users\/1"}],"replies":[{"embeddable":true,"href":"https:\/\/exprimerlinvisible.ca\/en\/wp-json\/wp\/v2\/comments?post=34"}],"version-history":[{"count":13,"href":"https:\/\/exprimerlinvisible.ca\/en\/wp-json\/wp\/v2\/pages\/34\/revisions"}],"predecessor-version":[{"id":1223,"href":"https:\/\/exprimerlinvisible.ca\/en\/wp-json\/wp\/v2\/pages\/34\/revisions\/1223"}],"wp:attachment":[{"href":"https:\/\/exprimerlinvisible.ca\/en\/wp-json\/wp\/v2\/media?parent=34"}],"curies":[{"name":"wp","href":"https:\/\/api.w.org\/{rel}","templated":true}]}}

<p>contact Vous souhaitez en savoir davantage sur l&rsquo;événement Exprimer l&rsquo;Invisible, proposer une collaboration, devenir partenaire ou obtenir des informations sur nos initiatives? Notre équipe est à votre écoute. Que vous soyez une personne avec savoirs expérientiels, un organisme communautaire, un artiste, un chercheur ou un citoyen intéressé, n&rsquo;hésitez pas à nous écrire. Ensemble, contribuons à faire rayonner les voix, les parcours et les créations qui rendent visible l&rsquo;invisible. Courriel isabelle.boisvert.chum@ssss.gouv.qc.ca</p>
